{"id":10,"date":"2024-11-26T14:29:15","date_gmt":"2024-11-26T14:29:15","guid":{"rendered":"https:\/\/projetos.agenciacertus.com.br\/lojasbella\/cart\/"},"modified":"2024-12-03T12:40:07","modified_gmt":"2024-12-03T12:40:07","slug":"cart","status":"publish","type":"page","link":"https:\/\/projetos.agenciacertus.com.br\/lojasbella\/cart\/","title":{"rendered":"Cart"},"content":{"rendered":"\t\t<div data-elementor-type=\"wp-page\" data-elementor-id=\"10\" class=\"elementor elementor-10\" data-elementor-post-type=\"page\">\n\t\t\t\t<div class=\"elementor-element elementor-element-a218168 e-flex e-con-boxed e-con e-parent\" data-id=\"a218168\" data-element_type=\"container\">\n\t\t\t\t\t<div class=\"e-con-inner\">\n\t\t\t\t\t<\/div>\n\t\t\t\t<\/div>\n\t\t\t\t<\/div>\n\t\t","protected":false},"excerpt":{"rendered":"<p>Remover item Imagem de miniatura Produto Pre\u00e7o Quantidade Subtotal &times; Botas Cano de Longo &#8211; Marrom, 37 &#82;&#36;&nbsp;219,90 Botas Cano de Longo &#8211; Marrom, 37 quantidade &#82;&#36;&nbsp;219,90 &times; Sand\u00e1lia meia pata &#8211; Azul com Rosa, 36 &#82;&#36;&nbsp;179,90 Sand\u00e1lia meia pata &#8211; Azul com Rosa, 36 quantidade &#82;&#36;&nbsp;179,90 &times; Sand\u00e1lia Fashion Collection &#82;&#36;&nbsp;119,90 Sand\u00e1lia Fashion Collection [&hellip;]<\/p>\n","protected":false},"author":1,"featured_media":0,"parent":0,"menu_order":0,"comment_status":"closed","ping_status":"closed","template":"","meta":{"footnotes":""},"class_list":["post-10","page","type-page","status-publish","hentry"],"_links":{"self":[{"href":"https:\/\/projetos.agenciacertus.com.br\/lojasbella\/wp-json\/wp\/v2\/pages\/10","targetHints":{"allow":["GET"]}}],"collection":[{"href":"https:\/\/projetos.agenciacertus.com.br\/lojasbella\/wp-json\/wp\/v2\/pages"}],"about":[{"href":"https:\/\/projetos.agenciacertus.com.br\/lojasbella\/wp-json\/wp\/v2\/types\/page"}],"author":[{"embeddable":true,"href":"https:\/\/projetos.agenciacertus.com.br\/lojasbella\/wp-json\/wp\/v2\/users\/1"}],"replies":[{"embeddable":true,"href":"https:\/\/projetos.agenciacertus.com.br\/lojasbella\/wp-json\/wp\/v2\/comments?post=10"}],"version-history":[{"count":22,"href":"https:\/\/projetos.agenciacertus.com.br\/lojasbella\/wp-json\/wp\/v2\/pages\/10\/revisions"}],"predecessor-version":[{"id":797,"href":"https:\/\/projetos.agenciacertus.com.br\/lojasbella\/wp-json\/wp\/v2\/pages\/10\/revisions\/797"}],"wp:attachment":[{"href":"https:\/\/projetos.agenciacertus.com.br\/lojasbella\/wp-json\/wp\/v2\/media?parent=10"}],"curies":[{"name":"wp","href":"https:\/\/api.w.org\/{rel}","templated":true}]}}